is 1b - 171?
-152
In base 6, what is -1514 - 3?
-1521
In base 14, what is -a + 35?
29
In base 8, what is 123 + 17?
142
In base 7, what is -5 + -2?
-10
In base 3, what is 2 - -1002?
1011
In base 12, what is -18 - -18?
0
In base 11, what is 3 + 19?
21
In base 6, what is 103 + 3?
110
In base 6, what is -203 - -5?
-154
In base 13, what is 14 - -38?
4c
In base 15, what is -1 - -1a5?
1a4
In base 5, what is 2 + -12342?
-12340
In base 6, what is 2552 + 5?
3001
In base 8, what is -2117 + 5?
-2112
In base 6, what is 0 + -445?
-445
In base 6, what is -254 + -24?
-322
In base 8, what is 147 - 2?
145
In base 2, what is 11 - -1010101000111?
1010101001010
In base 15, what is -4 + -a9?
-ad
In base 2, what is -111 - 10010110001?
-10010111000
In base 4, what is 2 - -1231322?
1231330
In base 15, what is -1 - -3?
2
In base 13, what is -4 + -36?
-3a
In base 10, what is 5 - 2660?
-2655
In base 10, what is -699 - 5?
-704
In base 8, what is 2052 - 1?
2051
In base 3, what is 201010 - -102?
201112
In base 8, what is -1 - -5?
4
In base 13, what is 1 + 2639?
263a
In base 14, what is -2 + -6d?
-71
In base 7, what is -41 + -2?
-43
In base 9, what is -5 - -48?
43
In base 10, what is -54 - -21?
-33
In base 10, what is -1 - 1498?
-1499
In base 10, what is -22 - 41?
-63
In base 7, what is -2 + -24640?
-24642
In base 12, what is 1a + -81?
-63
In base 15, what is -24 + 8?
-1b
In base 7, what is -5 + 106?
101
In base 7, what is 1 + 10330?
10331
In base 2, what is -101 - 111?
-1100
In base 9, what is 80 + 6?
86
In base 13, what is 1 - 66c?
-66b
In base 5, what is 3 + -34?
-31
In base 12, what is -5 + -34?
-39
In base 15, what is 0 + -a4?
-a4
In base 10, what is -3 + -3396?
-3399
In base 9, what is 5823 + 3?
5826
In base 11, what is -5453 + -3?
-5456
In base 4, what is 11 - 3101?
-3030
In base 7, what is -516 - 3?
-522
In base 13, what is 1 + 32c9?
32ca
In base 9, what is -27 + 10?
-17
In base 12, what is -1 - 293?
-294
In base 3, what is -1 + 102102?
102101
In base 11, what is -4 + a?
6
In base 8, what is -3 - 3201?
-3204
In base 3, what is -12 - -102?
20
In base 13, what is 132 + 0?
132
In base 7, what is 2441 - 56?
2352
In base 2, what is 10111010111 - -100?
10111011011
In base 7, what is 164 - -212?
406
In base 2, what is -1110 - 1111111?
-10001101
In base 4, what is 2022 - 22?
2000
In base 13, what is 3316 - 2?
3314
In base 5, what is -4 - 212?
-221
In base 15, what is -25 - -2c?
7
In base 7, what is -15 - 5215?
-5233
In base 3, what is 202112 + -200?
201212
In base 16, what is -4e1 + 2?
-4df
In base 14, what is 58 - 3?
55
In base 16, what is -f - -e?
-1
In base 2, what is 111 + -11010010?
-11001011
In base 7, what is -2 + 122?
120
In base 9, what is 221 - -20?
241
In base 5, what is -124 - 2140?
-2314
In base 8, what is 15 - 444?
-427
In base 11, what is 4 + -107a?
-1076
In base 9, what is -6 + -84?
-101
In base 6, what is 2 + -1532?
-1530
In base 14, what is 1 - -60a?
60b
In base 3, what is 1010 + 1112?
2122
In base 8, what is 33 + 74?
127
In base 11, what is 1 + 95?
96
In base 9, what is -18 + 20?
1
In base 2, what is 100111 + -1000?
11111
In base 2, what is -10111 + -1000?
-11111
In base 10, what is -185 - 5?
-190
In base 4, what is -2020 + 10?
-2010
In base 7, what is -1641 - 33?
-2004
In base 4, what is -102331 - 23?
-103020
In base 13, what is -5 - -4ba?
4b5
In base 16, what is 1 + 28?
29
In base 4, what is -23010 + 3?
-23001
In base 10, what is -494 + 1?
-493
In base 12, what is -1 - 178?
-179
In base 2, what is 100000 + 1011?
101011
In base 7, what is -13 - 132?
-145
In base 5, what is 4414 + -3?
4411
In base 4, what is -2130 + 13?
-2111
In base 7, what is -1655 + -5?
-1663
In base 2, what is 1 - 100111011001?
-100111011000
In base 15, what is 87 + -3?
84
In base 15, what is c6 + -3?
c3
In base 6, what is 3100 - -2?
3102
In base 3, what is -100012 + -11?
-100100
In base 13, what is 14 - 65?
-51
In base 7, what is 65 - 1?
64
In base 2, what is -1 - 110001000?
-110001001
In base 8, what is 11 - -1646?
1657
In base 8, what is -5 - -113?
106
In base 4, what is -1312010 + -11?
-1312021
In base 8, what is -320 + 6?
-312
In base 2, what is 101 + -11100111?
-11100010
In base 7, what is 116053 + 1?
116054
In base 10, what is -155 - 11?
-166
In base 15, what is 13d - -4?
142
In base 2, what is -11110110 + -100111?
-100011101
In base 2, what is 1001000001110 - -101?
1001000010011
In base 4, what is -12 - 130?
-202
In base 16, what is 3 - 1b6?
-1b3
In base 5, what is -1111 - 2?
-1113
In base 6, what is -53 - 13?
-110
In base 10, what is 439 + -4?
435
In base 12, what is 1b2 - 1?
1b1
In base 8, what is -3 + -503?
-506
In base 5, what is -112 - 222?
-334
In base 15, what is e10 + 3?
e13
In base 13, what is -37 + ac?
75
In base 7, what is -1314 - -32?
-1252
In base 12, what is b1 + -4?
a9
In base 14, what is -b62 - -3?
-b5d
In base 4, what is -3 - -1210?
1201
In base 15, what is -3a + 2?
-38
In base 5, what is -121 - 10?
-131
In base 14, what is 27 + -1?
26
In base 3, what is 121 + -10?
111
In base 16, what is -f1 - -4?
-ed
In base 6, what is 4 + 11?
15
In base 11, what is 13 + 29?
41
In base 5, what is 0 + 33?
33
In base 2, what is -101000 - 11?
-101011
In base 7, what is -11062 - 1?
-11063
In base 10, what is 55 + -13?
42
In base 3, what is -10 - 1022011?
-1022021
In base 15, what is 1e + d?
2c
In base 13, what is 4 - 32?
-2b
In base 3, what is 1001212 + 0?
1001212
In base 11, what is 376 - -26?
3a1
In base 10, what is -2 + -4777?
-4779
In base 16, what is -781 + -1?
-782
In base 15, what is 3d2 - 2?
3d0
In base 9, what is -36 + 6?
-30
In base 6, what is 3540 + -53?
3443
In base 8, what is -5757 - -5?
-5752
In base 8, what is -11 + -5176?
-5207
In base 3, what is 1021 + 100?
1121
In base 12, what is 0 - -150?
150
In base 15, what is -2c - -1?
-2b
In base 4, what is 1 - -1102321?
1102322
In base 14, what is 2 + 1267?
1269
In base 12, what is -21 - 2?
-23
In base 6, what is -15 - -5?
-10
In base 4, what is 21 + -12?
3
In base 4, what is -2203312 - 3?
-2203321
In base 13, what is 13a - 2?
138
In base 8, what is 115 + 3?
120
In base 11, what is -658 + 2?
-656
In base 3, what is 101120101 - -1?
101120102
In base 16, what is 4 + 100?
104
In base 2, what is 10 - -110100?
110110
In base 16, what is 1 + 8cd?
8ce
In base 13, what is -6 + 37?
31
In base 11, what is -6 + -a93?
-a99
In base 2, what is -1010 + -10010100?
-10011110
In base 15, what is -b + -29a?
-2a6
In base 12, what is -8 - -371?
365
In base 16, what is -19 + 0?
-19
In base 7, what is -212 + -6?
-221
In base 3, what is -2 + -201122?
-201201
In base 13, what is 5 + -24c?
-247
In base 16, what is -27c0 + -1?
-27c1
In base 7, what is -205605 + 3?
-205602
In base 9, what is 86 - -18?
115
In base 7, what is 103 + 61?
164
In base 10, what is -14 + 34?
20
In base 7, what is 103434 - 4?
103430
In base 16, what is -25 - 5d?
-82
In base 6, what is 20 + -11?
5
In base 9, what is 5 - 37?
-32
In base 13, what is 1 + -39?
-38
In base 4, what is 1 + 331?
332
In base 15, what is 1a + 0?
1a
In base 3, what is 20 - -10?
100
In base 5, what is 44 + -440?
-341
In base 7, what is -53 + 230?
144
In base 6, what is -10 + 23?
13
In base 9, what is 40 - -112?
152
In base 13, what is -5 - -2924?
291c
In base 16, what is e4 + 23?
107
In base 7, what is -5 - -4025?
4020
In base 2, what is 100001 + 10?
100011
In base 3, what is 11 - -110222?
111010
In base 7, what is 526 - 3?
523
In base 6, what is -2 - -1152?
1150
In base 9, what is 8 - -16?
25
In base 5, what is -23 + 11301?
11223
In base 9, what is 5 - 2483?
-2477
In base 13, what is 22 - 7?
18
In base 8, what is 5 + -121?
-114
In base 6, what is 3 - 112?
-105
In base 13, what is 79bb - 2?
79b9
In base 3, what is 11 + -2101?
-2020
In base 8, what is -5 - -1140?
1133
In base 8, what is 31 - -25?
56
In base 13, what is 4 - -22?
26
In base 12, what is -4268 - -4?
-4264
In base 4, what is 3 - -201?
210
In base 2, what is 1010011100 - 101?
1010010111
In base 2, what is -101 - -100001?
11100
In base 2, what is 11 - 101001100?
-101001001
In base 12, what is -222 + -1?
-223
In base 11, what is 4 + -2a2a?
-2a26
In base 2, what is 110000 - 101001?
111
In base 14, what is 11b3 - -3?
11b6
In base 7, what is -4 - 1302?
-1306
In base 9, what is -1 + 30?
28
In base 12, what is -4 - -11b1?
11a9
In base 16, what is